et z(y) = y**2 - 1. Let n(i) = i**3 + 4*i**2 + 4*i + 4. Let s be n(-3). Let j(r) = -4*r**2 - 4*r + 8. Let b(c) = s*j(c) + 5*z(c). Give b(4).
3
Let a = -48 - -51. Let i(t) be the second derivative of -3*t - 1/6*t**a + 0 + t**2. Calculate i(3).
-1
Let b(f) = f**2 + 3*f - 5. Suppose 5*q + 10 = 2*q + 2*z, -2*z + 18 = -5*q. What is b(q)?
-1
Let r(i) = -i**3 + 1. Let c(j) = -5*j**3 - 7*j**2 + 8*j - 2. Let p(n) = -c(n) + 6*r(n). Suppose 2*y + 4*l = 8, y + 2*y + 5*l = 13. Calculate p(y).
-4
Let j(o) be the first derivative of o**3/3 - 5*o**2/2 + 3*o - 9. Determine j(5).
3
Let t(x) = -8*x**3 - 2*x**2 - 2*x - 1. Let a be ((104/(-24))/(-13))/(1/(-3)). Give t(a).
7
Let m(p) be the first derivative of -p**2/2 - 15*p - 27. Calculate m(0).
-15
Suppose 0 = 6*d - 5*d + 4. Let r(f) = -5*f - 3. What is r(d)?
17
Let q(p) = 4 - 1 + 0 - 4*p. Calculate q(2).
-5
Let b = 24 + -23. Let m(w) be the first derivative of 2*w**2 + 1/3*w**3 - b - 5*w. Determine m(-5).
0
Suppose -12 + 37 = 5*c + 5*i, -3*i = -c - 3. Suppose c*b - 6 = -0*b. Let l(m) = 2*m. Calculate l(b).
4
Let y(u) be the third derivative of -u**5/60 - u**4/24 + u**3/6 + u**2. Let b = -10 - -16. Suppose b*d + 10 = d. What is y(d)?
-1
Let h(c) = -15*c**2 + 13*c - 6. Let k(p) = -44*p**2 + 38*p - 18. Let z(j) = -17*h(j) + 6*k(j). Let g(q) = q**2 - q + 1. Let u(y) = 6*g(y) + z(y). Give u(-1).
-4
Let b(u) = 2 - 2*u + u + 3 - 1. What is b(7)?
-3
Let r(t) = t**2 - 3*t - 3. Suppose 0 = 6*o - 5*o - 5. Determine r(o).
7
Let j(a) be the third derivative of a**8/20160 - a**7/840 + a**6/360 + a**5/12 - 5*a**2. Let c(f) be the third derivative of j(f). Give c(5).
-3
Let z(i) = i - 2*i - 4*i - 5 + 4*i. Determine z(7).
-12
Let g(n) = 3*n**2 + n**2 - n + 6*n - 5*n**2 - 3. Let t(l) = l**2 - l + 3. Let a be t(2). Give g(a).
-3
Let z(o) = -o**3 - 3*o**2 + o + 3. Let p be z(-3). Let i(f) = -f - 5. Calculate i(p).
-5
Let i(z) = z**2 + 6*z - 1. Let q(f) = f**2 - f. Let r(l) = -i(l) - 5*q(l). Suppose -5*o - 2*t = 1, -3*o = 6*t - 2*t + 9. Calculate r(o).
-6
Let l be -3*(2/(-1) - -1). Let g(o) = -5*o - 21. Let f(a) = 3*a + 14. Suppose 0 = -3*v + 4*c - 31, 0*v = -v + 3*c - 17. Let t(y) = v*g(y) - 8*f(y). Give t(l).
-4
Let a(b) = b**3 + 4*b**2 + 2*b - 3. Suppose -j + 14 = 17. Give a(j).
0
Let f(h) = h - 4. Let t be (3/9)/(1/9). What is f(t)?
-1
Let l(r) = -4*r + 21 - 6*r**2 - r**3 - 8 - 10 + 0*r**2. What is l(-5)?
-2
Let l(t) be the second derivative of t**7/840 + t**4/3 + 2*t**3/3 - 6*t. Let p(b) be the second derivative of l(b). What is p(0)?
8
Let o(v) = v**2 + 3*v - 4. Suppose 2*p - 7 = 3*p. Let f = p - -3. Determine o(f).
0
Let y(n) = 6*n + 7. Let t(o) be the second derivative of -o**3/2 - 3*o**2/2 - o. Let f(h) = -9*t(h) - 4*y(h). Give f(-1).
-4
Let k(t) = -2*t + 3. Let q be 2/4 + (15/(-10) - -3). Give k(q).
-1
Suppose 17 + 1 = -3*v. Let w(f) = 1 + 6 - f**2 - 2 - 3 - 4*f. Calculate w(v).
-10
Let c(p) = p**2 + 2*p**2 + 25 - 24 + 3*p**2. Calculate c(-1).
7
Let d(i) = 7*i**2 - 8*i + 10. Let r(p) = -p**2 - p + 1. Let w(m) = -d(m) - 5*r(m). Let t(c) = 3*c**2 - 20*c + 23. Let f(s) = 5*t(s) + 8*w(s). Determine f(4).
-5
Suppose -2*s - 4*c - 2 = 2, 2*c = -4*s - 2. Suppose -3*r - 2*r = -30. Let i(m) = 4*m + m + 6 - r*m. Determine i(s).
6
Let y(r) be the third derivative of r**4/24 + r**3/3 - 11*r**2. What is y(0)?
2
Let k(y) = y**2 + y. Suppose -4*r + 22 = 2*v, -2*v = 4*r - 6*v + 8. Let l = r + -5. Let o be l/4*(0 - -2). Calculate k(o).
0
Let o(j) = 3*j - 3*j + 3*j. Let t be o(1). Let b(w) = w + 2 + t + 1. What is b(-4)?
2
Let l(u) be the third derivative of -u**4/24 - 3*u**3/2 + 43*u**2. Let f be (-56)/10 - 6/15. Calculate l(f).
-3
Let q be (-36)/24 + 22/(-4). Let t = q + 1. Let k(c) = c**2 + 6*c - 1. Give k(t).
-1
Suppose 6 = -2*i - i. Let a be -1 + (-3 - 1)/i. Let g(q) = q**2 - 7*q - 4. Let y(c) = c**2 - 6*c - 3. Let d(l) = 4*g(l) - 5*y(l). Calculate d(a).
0
Let q(a) = -2*a + 32. Let b be q(10). Let w(v) = v**3 - 13*v**2 + 13*v - 12. Give w(b).
0
Let f(g) = 4*g**2 - 3*g + 7. Let m(x) = 3*x**2 - 4*x + 6. Let j(t) = -2*f(t) + 3*m(t). Calculate j(3).
-5
Let q(a) be the third derivative of -7/6*a**3 + 0 - 1/24*a**4 + 2*a**2 + 0*a. Calculate q(-5).
-2
Let v(u) = 2*u. Let t(s) = 2*s**2 - s. Let r be t(1). Let z be v(r). Let k(a) = 7*a - a**2 - 6 + 4*a**2 - 4*a**z - 2*a. Calculate k(4).
-2
Let f(j) = 6*j + 1. Let m be f(-1). Let a(n) be the first derivative of -n**2/2 - 6*n - 17. Calculate a(m).
-1
Let y = 8 - 15. Let t(o) = -17*o + 8. Let a(q) = 14*q - 7. Let s(x) = 6*a(x) + 5*t(x). Calculate s(y).
5
Let q(b) = -b**3 + 7*b**2 - b + 9. Let i be q(7). Let n(r) be the first derivative of 2*r**2 - 3*r - 3. Determine n(i).
5
Suppose 3*h = 5 - 2. Suppose 2*r + 4*o = 10, 2*o = 5*r - 24 - h. Let d(t) = 0 + 2*t**2 + 2 + r*t + 0*t - t**3 + 0*t**3. Calculate d(4).
-10
Let a(s) be the third derivative of -s**5/60 - s**4/24 - s**3/2 + 13*s**2. Calculate a(0).
-3
Let j(u) be the first derivative of -u**3/3 + 5*u**2/2 + 2*u + 32. Give j(7).
-12
Let l(c) = -4*c - 1. Suppose -4*x + 7 - 25 = q, -4*q = -2*x - 18. Give l(x).
19
Let k(u) = 7*u**3 - 2*u**2 - 5*u - 8. Let r(q) = -6*q**3 + q**2 + 4*q + 7. Let f(m) = -5*k(m) - 6*r(m). What is f(-4)?
-6
Let m(p) = 4 - p + p**2 + 7*p - p. Give m(-3).
-2
Suppose 0 = -2*c + 3 - 1. Let f(h) = -2*h**2 + h. Let g be f(c). Let r(n) = 2*n**2 + 2*n + n - n + 3 - 2. Give r(g).
1
Let a be ((-6)/3)/(2/1). Let y(t) = -5*t**3 + 5*t**2 + 6*t - 5. Let j(o) = o**3 - o**2 - o + 1. Let z(q) = -6*j(q) - y(q). Determine z(a).
1
Let n(a) = -a**3 + 4*a**2 - a + 2. Let d be (-2)/1 - (5 - 7). Suppose 5*o + 2*m = -d + 23, -5*m + 14 = -2*o. What is n(o)?
8
Let s(v) = 2*v**2 - 4*v - 4. Let p be s(-2). Let t be (8/p)/((-1)/3). Let q(f) = -f**3 - f**2 + 3*f + 3. Give q(t).
1
Let m(s) = -7*s + 7. Let f(u) = 6*u - 6. Let n(h) = -6*f(h) - 5*m(h). Let w(y) = 7*y - 5. Let r(b) = -6*n(b) - w(b). Determine r(-1).
0
Let w be ((-1)/(-3))/((-11)/(-165)). Let j(r) be the third derivative of 1/24*r**4 + 0*r**w + 1/120*r**6 + 0*r + 0 + 11/6*r**3 + r**2. What is j(0)?
11
Let f(d) = d**3 - 5*d**2 - 4*d. Let m be f(5). Let t be m/3*(-6)/4. Let j(v) = 1 + t*v - 5*v + v. Calculate j(-1).
-5
Suppose p - 2*p - 1 = 0. Let r(j) = -j**2. Let x(c) = 7*c**2 - c - 1. Let o(d) = -6*r(d) - x(d). Let n(h) be the first derivative of o(h). Give n(p).
3
Let s(q) be the third derivative of -q**6/120 - q**5/60 - q**3/3 - 38*q**2. Give s(0).
-2
Let c(q) = -5*q**2 - 1. Let f = 3 - 2. Give c(f).
-6
Let n(d) be the first derivative of d**4/4 + 4*d**3/3 - d**2/2 + 1. Suppose -2*a + 4*z - 6*z = -4, 4*z - 5 = -5*a. Calculate n(a).
12
Suppose -2*f + f = -5. Let v = -10 + f. Let g(j) = j**2 + 4*j + 1. Give g(v).
6
Let i(p) = p**2 - 5*p - 1. Let x(n) = -n - 9. Let y be x(-14). Calculate i(y).
-1
Let g(v) = 10*v - 5. Let o(k) = 8*k - 5. Let i(y) = 3*g(y) - 4*o(y). Give i(-4).
13
Let g be ((-6)/9)/(((-8)/6)/(-4)). Let h(t) = 4*t**2 + 2*t + 1. Determine h(g).
13
Let g = -3 - -5. Let z(x) = -3*x**2 - x - 2*x**3 + 6 + 9*x**g + x**3 - 3. Give z(6).
-3
Let w = -2 + 5. Let m(a) = -3*a. Let c be m(-1). Let y(j) = j**c - 4*j**2 + j + j**3 - 2*j**3 - 3 + j**3. What is y(w)?
-9
Let t(a) = -1 - 2 + 1 + a - 2. Determine t(-5).
-9
Let a(s) = s**3 - 6*s**2 + 4*s + 4. Let t be a(5). Let o(v) = 4*v**3 + v**2 - v - 1. Give o(t).
-3
Suppose 0 = -4*b - 2*q + 8, -4*b + 18 = -2*q - q. Let f(o) = -14 + 9 - b*o**3 + 4*o**2 - 7*o + 4*o**3 + 0*o**3. What is f(-5)?
5
Let p(q) be the second derivative of 0 + 2/3*q**3 + 3*q + 5/12*q**4 + 5/2*q**2 + 1/20*q**5. Let b be p(-4). Let s(k) = -k**3 + 5*k**2 - k. Give s(b).
-5
Let i(v) be the first derivative of v**4/24 + v**3/6 + 3*v**2/2 + 3. Let j(x) be the second derivative of i(x). What is j(3)?
4
Let i(w) = -2*w**2 + 5*w - 2. Suppose -3*q - 6*x + 1 = -4*x, -12 = 2*q - 5*x. Let u = 2 + q. Let l be (1 - 0)/u*3. Calculate i(l).
-5
Let b(o) be the first derivative of -o**3/3 - o - 1. Let i(k) = -5*k**2 + 6*k. Let g(z) = -4*b(z) + i(z). Calculate g(6).
4
Let l(a) be the third derivative of a**5/60 + a**4/3 + 3*a**3/2 - 8*a**2. Calculate l(-7).
2
Let i(g) = g**2 - 6*g + 3. Suppose 4*x + 9 = 21. Calculate i(x).
-6
Let t(y) = y**3 - y - 2. Suppose 3*d + k - 5 = 0, 4*d + 0*k = 2*k + 10. Calculate t(d).
4
Let b(i) = 2 + i - i - 4*i**2 - i**3 - i. Suppose 15*t - 8*t = -14. Calcul